 divide i?
False
Suppose -4*z + 15 = z. Suppose 0 = z*w - 4*v - 8, -w + 2*v + 1 + 3 = 0. Suppose 4*c - 20 = w, -4*o = o - c - 60. Is o a multiple of 10?
False
Let t(j) = -j**2 - j - 1. Let z(d) = -2*d**2 - 3*d - 2. Let i(a) = 9*t(a) - 4*z(a). Let y be i(1). Is 17 a factor of (-33 + -1)/((-1)/y)?
True
Let d be 4 - 1 - 102/(-3). Suppose b - d = 34. Does 25 divide b?
False
Is (-1452)/(-14) + ((-185)/(-35) - 5) a multiple of 11?
False
Let w = -2 - -85. Does 6 divide w?
False
Let b be (4/2)/((-6)/(-9)). Let g be 3 - (4 + b/(-3)). Is (24 - 7) + 1 + g a multiple of 12?
False
Suppose -5*b = -3*b - 2. Let r = 11 + b. Does 12 divide r?
True
Suppose 3*c - 2*x = -0*x + 124, 3*x = -4*c + 171. Is c a multiple of 10?
False
Let u(j) = j**3 - j**2 + 2. Let k be u(0). Suppose -2*v + 4 = k*v. Is 12 a factor of (-48)/v*3/(-6)?
True
Let h(q) = q**2 + 3*q + 1. Let i be h(-1). Let m = 4 - i. Suppose m*g + a = -0*a + 170, 4*g = -a + 136. Is 17 a factor of g?
True
Suppose z - 675 = -4*z. Suppose 3*k + 5*l - 375 = -2*k, 0 = 2*k - 3*l - z. Let t = k + -34. Is 19 a factor of t?
True
Suppose g + 95 = 6*g. Is 12 a factor of g?
False
Let z = 10 - 15. Let r = -20 + 16. Does 10 divide z/(-20) - 39/r?
True
Is 2 a factor of (-1 - -12) + (-2 - (-4)/2)?
False
Let n(p) = p + 3. Let s be n(-5). Let a be (-1 + 0)*(s + 3). Does 9 divide 19 + a*2/2?
True
Does 16 divide (-50)/5*(-84)/10?
False
Let p(k) = 3*k**3 - 14*k**2 - 16*k + 23. Let q(u) = -2*u**3 + 9*u**2 + 11*u - 15. Let c(t) = -5*p(t) - 8*q(t). Is c(5) a multiple of 20?
True
Let d be (-4)/14 - (-2075)/35. Suppose 0 = -5*o + d + 6. Does 13 divide o?
True
Let s(o) be the second derivative of -5*o**3/6 - o**2/2 - 3*o. Is s(-8) a multiple of 17?
False
Suppose 2*d - 159 = -5*o, -d + 6*o = 2*o - 73. Suppose -n - 31 = -j + 4*n, 2*j + 5*n = d. Is 10 a factor of j?
False
Is (-5)/(-10) + 477/6 a multiple of 17?
False
Let z be (-3)/(1 - 30/27). Let a = -5 + z. Is a a multiple of 17?
False
Let g = -16 - -22. Does 6 divide g?
True
Let x(j) = j**3 - 5*j**2 - 5*j - 1. Let z be x(6). Does 17 divide ((-15)/(-9))/z*102?
True
Is 25 a factor of 25 + 0 + 0 + 0?
True
Let m be (-4)/(-6) - (-76)/3. Let w = -2 - m. Is w*(-1 - 1/(-2)) a multiple of 5?
False
Suppose 70 = y + 16. Does 27 divide y?
True
Let o(r) = -4*r + 11*r**2 + r**2 + 7 - 2 - 1. Let v be o(3). Suppose -2*q - 3*q + v = 0. Does 10 divide q?
True
Let o(a) = -a**3 - 2*a**2 - a - 4. Suppose 0 = -4*w - 16. Is o(w) a multiple of 9?
False
Suppose -2*h = 2*z - 36, 3*h + 2*z - 5*z = 36. Is 7 a factor of h?
False
Let n(r) = -r**3 + 5*r**2 - 2*r - 5. Let i be n(4). Suppose 0 = -0*j + i*j + 3*h - 114, -4*h = 0. Is 21 a factor of j?
False
Let j(a) = -a - 4. Let f be j(5). Let v be (-2)/(-6) - (-134)/(-6). Let w = f - v. Is w a multiple of 12?
False
Is 25 a factor of (-4 + (-490)/25)*-5?
False
Let g(p) = p**3 + 6*p**2 + 3*p - 2. Let n be g(-5). Suppose 0 = -a + 2*a - 72. Suppose a = n*f - 4*f. Is f a multiple of 18?
True
Suppose -2*t = p - 44, 5*t + 10 = 3*p - 177. Does 27 divide p?
True
Let n be (-2)/(-7) - (-8)/(-28). Suppose 3*i + i + 84 = 2*h, n = i - 3. Let v = h - 17. Does 14 divide v?
False
Let k be 17/5 - 2/5. Suppose a - 32 = -2*q, -5*q + q + 96 = k*a. Does 15 divide a?
False
Is 5 a factor of (35/(-2))/(-6 + 44/8)?
True
Let b = -22 + 36. Does 14 divide b?
True
Let z = -49 + 69. Is 11 a factor of z?
False
Let w(v) = -v - 7. Let y be w(-5). Let u be y*(0 + 1) - -38. Suppose -2*b = b - u. Is 5 a factor of b?
False
Suppose -o = 2*o - 3. Let a be 0/(2/(2/o)). Let g = a + 8. Is 6 a factor of g?
False
Let b = 1 + 3. Suppose -178 = -b*m + 2*v, 0 = -4*m - v - 21 + 202. Does 15 divide m?
True
Is (-23)/(1*(-3 + 2)) a multiple of 23?
True
Suppose -5*j + 222 = -28. Is j a multiple of 6?
False
Suppose -110 = -2*v + 2*c, -5*v + c + 96 = -159. Is 10 a factor of v?
True
Suppose -4*w - 2*l + 94 = 0, w + 24 - 65 = 3*l. Let u be 0 + 2/(-2) - -8. Suppose -w = 5*x - 2*d - 79, 4*d + u = -x. Is x a multiple of 4?
False
Suppose -3*z + 5*z = 82. Let i = -20 - -5. Let w = i + z. Is 13 a factor of w?
True
Let j be 30*(-4 + (-15)/(-2)). Suppose 0 = 4*v - 3*w + 2*w - j, -3*v - w + 84 = 0. Is 12 a factor of v?
False
Let g(q) = 166*q**3 - q**2 + 3*q - 2. Is g(1) a multiple of 10?
False
Suppose -5*c + 200 = -5*a, -a = -2*c - 0*a + 76. Does 12 divide c?
True
Is (-485)/(-20) + 1/(-4) a multiple of 6?
True
Let r = -41 - -61. Suppose -2*q + r = -q. Suppose c + q = 2*c. Does 10 divide c?
True
Let a(t) = t**3 + 5*t**2 - 2*t - 7. Suppose 3*i + 22 = -2*z, -2*z + 7*z - 5*i = -5. Let b be a(z). Suppose 2*g + 49 = b*s, 1 = 4*g - 3. Does 9 divide s?
False
Let t = -90 + 47. Suppose 3*r + 1 = s + 10, 4*s + 111 = -3*r. Let u = s - t. Does 7 divide u?
False
Let a = -116 - -70. Let s = -5 + 8. Is a/3*s/(-2) a multiple of 9?
False
Does 27 divide (-2*1)/((-4)/(108 + 0))?
True
Suppose 4*h - k + 5 = 0, -4*h = 2*k + 2*k. Let b = h + 11. Is b a multiple of 10?
True
Suppose -x = 3 - 23. Let c(k) = x*k**2 + 2*k - 1 + 0*k + 0*k. Does 8 divide c(1)?
False
Let j(z) = 2*z**3 - 3*z - 2. Let n(t) = 3*t. Let v be n(1). Let a be j(v). Is (-1)/(((-2)/a)/2) a multiple of 18?
False
Is 16 a factor of 15/(180/(-64) - -3)?
True
Suppose -224 = -5*x - 39. Let v = x + -10. Is v a multiple of 7?
False
Suppose -5*y + 3*y + 6 = 0. Is 4 a factor of 13/y - 2/6?
True
Let d(c) = 13*c - 1. Let z be d(1). Let a = 5 + z. Does 10 divide a?
False
Suppose 20 = 9*l - 4*l. Is l a multiple of 2?
True
Suppose -2*u + 3*s = -0*u - 170, -4*u + 340 = 5*s. Is u a multiple of 12?
False
Suppose -4*u + 196 = -3*q + q, -q = 5*u - 252. Is u a multiple of 8?
False
Suppose 3*n = -263 + 707. Is 13 a factor of n?
False
Let x(n) = -n**3 + n**2 + n - 1. Let a be x(1). Let r(y) = y**3 - 6*y**2 + 6*y - 3. Let d be r(5). Let h = d - a. Does 2 divide h?
True
Suppose 3*r + 4*c - c - 12 = 0, -r = -4*c + 11. Is (r*24)/2 - -1 a multiple of 11?
False
Suppose 0 = g + g + 32. Let u be g/(-12) - (-2)/3. Is (3 + 10)/(u - 1) a multiple of 13?
True
Let b = -16 - -206. Does 13 divide b?
False
Let i be (-6)/((-48)/15 + 3). Suppose -3*y - 12 = 0, 2*s + 0 = 5*y + i. Suppose -d + 43 = s*z, 17 = 4*z - z + 5*d. Does 9 divide z?
True
Is (-149 - 2)/(-1) - -1 a multiple of 38?
True
Let g(u) = u**3 + 9*u**2 + 7*u + 1. Let d be g(-6). Suppose -d = -5*c + 143. Does 14 divide c?
True
Let z be 2 + (0 + 0)/(-1). Suppose 3*l = -4*k + 12, z*k + 16 = -0*k + 4*l. Suppose n - 10 - 1 = k. Does 9 divide n?
False
Is 834/15 + 2/5 a multiple of 14?
True
Let j = -12 - -34. Is j a multiple of 6?
False
Let a(y) = -y. Is 4 a factor of a(-12)?
True
Let d(s) = s + 16. Let r be d(-11). Suppose 2*t - z - 24 = z, 24 = t - r*z. Is 9 a factor of t?
True
Suppose -4*d = d + 4*s - 112, 0 = 4*d + 3*s - 89. Is 16 a factor of d?
False
Let k = -4 - -5. Is 4/((1/8)/k) a multiple of 32?
True
Suppose 5*z - 14 - 16 = 0. Let b = z + -6. Let r = b - -9. Is 5 a factor of r?
False
Suppose v - 9 = 48. Let a = 81 - v. Does 12 divide a?
True
Suppose 4*y - 3 = 3*y. Let m = y + -2. Is 4 a factor of 3 + ((-1)/(-1))/m?
True
Let j be (2/(-4) - 0)*-6. Let o(b) = b + 16. Let v be o(0). Suppose -v = -j*g + g. Is g a multiple of 4?
True
Let i = -39 - 10. Does 7 divide i*1*(-11 - -10)?
True
Let s be 2*(-2 + 0)*1. Let g be s/6*(-177 + 9). Suppose 2*z = -5*r - z + g, 5*r = 4*z + 119. Is 9 a factor of r?
False
Let t be 4 - 7 - (-22)/2. Let v be 11*3/(1 - -2). Does 11 divide t/(-44) + 244/v?
True
Suppose p - 17 = -3*p + 5*l, -3*p = 2*l - 7. Suppose p + 1 = v. Suppose -8*t + v*t + 108 = 0. Is 9 a factor of t?
True
Let n(m) = m - 6. Suppose i + i = 0. Suppose i*f - 9 = -f. Is 2 a factor of n(f)?
False
Suppose 4*d - 10 = -l, 0 = 5*l - 6*l + 3*d + 31. Is l a multiple of 9?
False
Suppose -5*l = 5 - 180. Let d = l + -6. Is d a multiple of 29?
True
Let n = -11 - -11. Suppose n = 7*k - 4*k - 57. Is k a multiple of 4?
False
Let i(g) = -2*g - 7*g + 1 + 0*g. Is 10 a factor of i(-1)?
True
Let j = 159 + -104. Is j a multiple of 11?
True
Suppose 14 + 37 = k. Is (3/9 - 0)*k a multiple of 9?
False
Let p(q) = 3 - 1 - q + 1. Let x be p(0). Suppose -x*w + 4*g + 25 = 0, -2*w = 5*g - g + 10. Is 2 a factor of w?
False
Suppose 3*y - 3*l = -6, l = 2*y - 0*l. Let h(c) = 4 + c**2 + 0*c**y + 17 + c**3 + 12. Does 11 divide h(0)?
True
Suppose -3*r - 1 = 2. Let h(y) = -3*y + 1. Let l be h(r). Suppose l*w 